uppose 4*g + 142 + 41 = -o, -g - o = 48. Let c = 74 + g. What are the prime factors of c?
29
Let s = 0 + 2. Suppose s*r - 18 = 10. What are the prime factors of r?
2, 7
Let u be 3/4 - (-15)/12. Let f(y) = u*y - 4*y**2 - y**3 + 0*y + 2 - 4*y. List the prime factors of f(-4).
2, 5
Let j = -8 + 14. What are the prime factors of j?
2, 3
Let d(q) = 11*q - 22. List the prime factors of d(6).
2, 11
Suppose 5*b = 2*z + 381, 2*z = -2*b + 44 + 100. Suppose -5*w + 5*r = -b, 2*r = 6*w - w - 90. What are the prime factors of w?
2, 5
Let d(z) = -z**3 - 11*z**2 + 3*z - 1. Let j be d(-11). Let y = 69 + j. List the prime factors of y.
5, 7
Suppose 5*x = 2*m - 9, -m = -2*x - x - 5. Suppose m*z + 23 = -5*j + 99, -4*j = 4*z - 56. List the prime factors of j.
2
What are the prime factors of (-8)/(-56) - 838/(-14)?
2, 3, 5
Let i(s) = -s**2 - 11*s - 9. Let r be i(-6). Suppose -4*u = -o - 67 + r, -4*u - 5*o = -34. Suppose 19 = 3*w - u. What are the prime factors of w?
2, 5
Let q = -6 + 8. Suppose 2*k - 48 = -q*k. Suppose -4*g = -4*w + k, 0 = -0*w + 4*w + g - 37. What are the prime factors of w?
2
Suppose -3*w + 7 = -2*f - 0*w, 4*w + 12 = 0. Let l = f - -14. Suppose -4*t = -l - 6. What are the prime factors of t?
3
Suppose 5*y + 535 = 5*q - 0*y, -2*q = 3*y - 194. Suppose -4*s + 33 + q = 0. List the prime factors of s/(6/3) - 2.
3, 5
List the prime factors of 55 + 36/30*(-10)/(-4).
2, 29
Let m(l) = -l**3 + 20*l**2 - 11*l - 13. List the prime factors of m(19).
139
What are the prime factors of 4 + (-6)/3 + 48?
2, 5
List the prime factors of (-10)/30 + 560/6.
3, 31
Suppose 3*o + 1 = -5. What are the prime factors of 132/3*o/(-4)?
2, 11
Suppose 0 = -7*p + 2*p + 5. What are the prime factors of (13 + -14)*(-31)/p?
31
Let v = 5 - 0. Suppose s - v*s = -52. What are the prime factors of s?
13
Suppose i = 4*b - 7, 0 - 2 = -2*b. Let c be (-2 - 3/i) + 31. Suppose 2*n = -f + 26, -c = -n - n - 3*f. What are the prime factors of n?
2, 3
Let l = 19 - 1. Let n = 27 - l. List the prime factors of n.
3
Suppose 3*z + 0*z = 4*k - 26, 4*k = -3*z - 10. What are the prime factors of (-66)/(-55)*(-80)/z?
2
Suppose -f + 1 = -n, n + 5*f = -0*n - 25. Let z = 11 + n. List the prime factors of z.
2, 3
Let l(s) = -2*s - 3. Let c be l(-4). Let d(a) be the third derivative of a**4/24 - a**3/3 + 10*a**2. What are the prime factors of d(c)?
3
Let j(d) = 0 - 6 + d + 1 - 10*d**3 + 8*d**2 - 10. Let i(m) = 3*m**3 - 3*m**2 + 5. Let c(t) = -7*i(t) - 2*j(t). List the prime factors of c(4).
3
Let x be 4/6 + 5/(-3). What are the prime factors of x/(1*(-2)/18)?
3
Let s = -52 + 93. What are the prime factors of s?
41
Suppose 0 = -4*k - 4*y - 204, -3*y - 57 = k - 0*y. What are the prime factors of (-2)/8 + (-1932)/k?
2, 5
Suppose -3*c + 2*c + 2 = 0. Suppose x + 9 = k - 0*x, 3*k = c*x + 22. Suppose -3*m - 5*w + 20 = 0, 38 = k*m + 5*w - 4*w. List the prime factors of m.
2, 5
Let a(c) = -9*c - 1. Let f(o) = 8*o. Let i(g) = 4*a(g) + 5*f(g). Let t be i(6). Suppose -5*h + 18 + 17 = v, 4*v = -t. What are the prime factors of h?
2
Suppose 0*l - 18 = 3*l. Let c = l - -64. What are the prime factors of c?
2, 29
Suppose 5*t - 6 + 1 = 0, -3*z - t = -124. List the prime factors of z.
41
Let i(q) = -q**2 - q + 1. Let c(r) = 6*r**2 + 9*r - 4. Let t(a) = c(a) + 4*i(a). What are the prime factors of t(-4)?
2, 3
Let p = -39 - -64. List the prime factors of p.
5
Let t = 0 + -6. Let h(p) = p**2 + 4*p - 3. What are the prime factors of h(t)?
3
Suppose 0 = -4*b - 4, -2*s + 4 = -0*s + 2*b. What are the prime factors of (2 + 1)*3/s?
3
Let n = 36 + -4. What are the prime factors of n?
2
Let h be (2 - 3)*10*-1. Let k = 15 - h. List the prime factors of k.
5
Let c be (16/(-10))/(6/(-15)). Suppose 4*d + 4 = c*a, 3*a + a = 5*d + 3. List the prime factors of a.
2
What are the prime factors of (-9)/3*(4 - (-197)/(-3))?
5, 37
Let c(o) = -2*o**2 + 3*o. Let h be c(2). List the prime factors of 6 - (0/(-1) - h).
2
Let x(k) be the first derivative of -k**3/3 - 9*k**2/2 + 8*k + 6. List the prime factors of x(-8).
2
Let b = 13 + -6. Suppose b + 59 = 3*o. List the prime factors of o.
2, 11
Suppose -3*j = -5*j + i - 35, -3*j - 55 = -2*i. Let v = 30 + j. What are the prime factors of v?
3, 5
Suppose -3*l = 5*j - 59, l - 5*j = -3*l + 102. What are the prime factors of l?
23
Suppose -z + 2*j + 160 = -0*j, -3*z + 3*j = -489. What are the prime factors of z?
2, 83
Suppose 3*s - 66 = 3*z, -1 = -z + 3. Suppose -5*h + 11 - s = 0. List the prime factors of (h - -7)*(-22)/(-8).
11
Let y = -86 + 182. List the prime factors of y.
2, 3
Let k = -55 - -112. What are the prime factors of k?
3, 19
Let a = 47 + 29. List the prime factors of a.
2, 19
Let q(j) = -2*j - 2. Let w be q(2). What are the prime factors of (7 + -1)/(w/(-10))?
2, 5
Let z = 6 + -3. Let r = 2 + z. Suppose 5*u - 28 = -r*o + 2, 5*u - 25 = -4*o. What are the prime factors of o?
5
Let k(r) be the third derivative of r**7/315 - r**6/720 + r**4/8 - 2*r**2. Let l(w) be the second derivative of k(w). List the prime factors of l(-1).
3
Let y be -2*(27/(-6) - -3). Suppose -25 = 5*x + 5*a, 2*x - a + 7 = -y*x. Let o(u) = -3*u + 1. What are the prime factors of o(x)?
7
Let u = 8 - -17. Let i = u + 2. What are the prime factors of i?
3
Let g(j) = -13*j - 1. Let f be g(-1). What are the prime factors of 2/(-12) + 50/f?
2
What are the prime factors of (-8052)/(-110)*(-1)/((-3)/10)?
2, 61
Suppose 2*a + 2 = -6, 136 = 4*g + 2*a. List the prime factors of g.
2, 3
Let o(x) = x**3 - 12*x**2 - 2*x + 26. List the prime factors of o(13).
13
Let r = -10 + 1. Let w = r + 5. Let s = w - -16. List the prime factors of s.
2, 3
Suppose 0 = 8*a - 14*a + 510. List the prime factors of a.
5, 17
Let a be -1*(-2)/3*6. What are the prime factors of 4*-2*(-6)/a?
2, 3
List the prime factors of 4/(-10) + (-134)/(-10).
13
Suppose -t + 1 = -5*d, -d - 5*t - 1 = -6. Suppose d*l = 2*l - 10. What are the prime factors of l?
5
Suppose 5 = 3*l - 1, -5*o + 19 = 2*l. What are the prime factors of o?
3
Let w = 192 - -126. List the prime factors of w.
2, 3, 53
Let o(d) = d + 10. List the prime factors of o(11).
3, 7
Let h(q) = 6*q**3 - 9*q**2 - 9*q + 7. Let o(i) = -2*i**3 + 3*i**2 + 3*i - 2. Let u(b) = 2*h(b) + 7*o(b). List the prime factors of u(-2).
2, 11
Let c(q) = -q. Let y(d) = -2*d + 3. Let b(x) = 4*c(x) - y(x). Let o = -15 - -11. What are the prime factors of b(o)?
5
Let t be (4 + (0 - 4))*-1. Suppose -3*m + 40 = 2*m. Let d = m + t. List the prime factors of d.
2
Let d = -1 - 6. Let c = -4 - d. List the prime factors of c.
3
Let j = -32 + 82. What are the prime factors of j?
2, 5
List the prime factors of (4 + (-14)/3)*-3.
2
Suppose 216 = -68*i + 71*i. What are the prime factors of i?
2, 3
Suppose 2*r + 2*r + 5*s + 93 = 0, 5*r + 90 = -s. Let k = 7 - r. What are the prime factors of k?
2, 3
Suppose -8*k + 3*k + 185 = 0. List the prime factors of k.
37
Let b = 9 - 5. Let o(f) = 2*f**3 + 5*f**2 - f - 4. Let t(y) = 3*y**3 + 5*y**2 - y - 5. Let d(g) = 4*o(g) - 3*t(g). What are the prime factors of d(b)?
11
Suppose -2*n + 10 = -7*n. List the prime factors of ((-3)/(-2))/(n/(-36)).
3
Suppose h + 50 = -2*d, 2*h = -h - 12. Let j = d + 38. What are the prime factors of j?
3, 5
Let r = 23 - -2. List the prime factors of r.
5
Suppose -4*w + 4*b + 12 = 0, 0*w - 3*b = 2*w - 11. Let l(o) = -o**2 + 2 - o**3 + 2*o**3 - o - 2*o**2. What are the prime factors of l(w)?
2, 7
Suppose -3*s + 11 - 2 = 0. Let k be 8/(-3)*s/2. List the prime factors of k/10*(-3 - 22).
2, 5
Let p = -80 - -266. What are the prime factors of p?
2, 3, 31
List the prime factors of 4 - 6/4*-2.
7
Let o = 80 - 48. Suppose 0*p - 4*y + 65 = 3*p, 4*y + 4 = 0. Let r = o - p. What are the prime factors of r?
3
Let t be (21 - -2)/(0 - -1). Let z = 13 + t. List the prime factors of 6/21 - z/(-21).
2
Let y be 57/(3 + -6)*-1. Let q = y - 11. What are the prime factors of q?
2
Let b(f) = -f - 3. Suppose o + o = 10. Suppose 4*g + j = -j - 32, -j = -g - o. List the prime factors of b(g).
2
Let g(j) = j + 10. Let l be g(-8). Suppose l*p - 20 = -0*p. What are the prime factors of p?
2, 5
Suppose -7*m = -6*m - 3. Suppose 60 = m*p + 3. Suppose 0 = -l - 5*x + 25, -l - p = -2*l - 2*x. What are the prime factors of l?
3, 5
Let h(z) = 2*z - 7. Let x = 14 - 9. Let g be h(x). What are the prime factors of (-2